{"id":154,"date":"2018-09-06T14:44:19","date_gmt":"2018-09-06T12:44:19","guid":{"rendered":"https:\/\/www.bad-endorf-evangelisch.de\/w\/?page_id=154"},"modified":"2025-12-16T08:03:19","modified_gmt":"2025-12-16T07:03:19","slug":"bibelkreis","status":"publish","type":"page","link":"https:\/\/www.bad-endorf-evangelisch.de\/w\/gemeindeleben\/bibelkreis\/","title":{"rendered":"Bibelkreise"},"content":{"rendered":"\n<p>Wenn Sie gerne<\/p>\n\n\n\n<ul class=\"wp-block-list\">\n<li>\nin der Bibel\n\tlesen, seien es spannende Geschichten, seien es schwierige Texte, \n\t\n\t<\/li>\n\n\n\n<li>\nin die Zeit der\n\tbiblischen Schriften eintauchen m\u00f6chten, \n\t\n\t<\/li>\n\n\n\n<li>\nnachdenken \u00fcber\n\tdie Welt, und welchen Raum wir Gott in ihr geben, \n\t\n\t<\/li>\n\n\n\n<li>\ndie Bibel als Wort f\u00fcr unser Leben heute\n\tentdecken wollen, \n\t\n<\/li>\n<\/ul>\n\n\n\n<p>seien Sie herzlich eingeladen zum \u00f6kumenischen\nBibelgespr\u00e4ch in Bad Endorf und zum Bibelkreis in Obing!<\/p>\n\n\n\n<p>Zum Bibelgespr\u00e4ch in Bad Endorf treffen wir uns in der Regel alle zwei Monate am letzten Montag im Monat um 19 Uhr im katholischen Pfarrheim St. Jakobus.<\/p>\n\n\n\n<p>Zum Bibelkreis treffen wir uns in der Regel einmal im Monat donnerstags um 18:30 Uhr in der Obinger Johanneskirche.<\/p>\n\n\n\n<p>Die genauen Termine finden Sie in unserem <a href=\"https:\/\/www.bad-endorf-evangelisch.de\/w\/termine\/\">Terminplan<\/a>.<\/p>\n","protected":false},"excerpt":{"rendered":"<p>Wenn Sie gerne seien Sie herzlich eingeladen zum \u00f6kumenischen Bibelgespr\u00e4ch in Bad Endorf und zum Bibelkreis in Obing! Zum Bibelgespr\u00e4ch in Bad Endorf treffen wir uns in der Regel alle zwei Monate am letzten Montag im Monat um 19 Uhr im katholischen Pfarrheim St. Jakobus. Zum Bibelkreis treffen wir uns [&hellip;]<\/p>\n","protected":false},"author":1,"featured_media":156,"parent":139,"menu_order":0,"comment_status":"closed","ping_status":"closed","template":"","meta":{"footnotes":""},"class_list":["post-154","page","type-page","status-publish","has-post-thumbnail","hentry"],"_links":{"self":[{"href":"https:\/\/www.bad-endorf-evangelisch.de\/w\/wp-json\/wp\/v2\/pages\/154","targetHints":{"allow":["GET"]}}],"collection":[{"href":"https:\/\/www.bad-endorf-evangelisch.de\/w\/wp-json\/wp\/v2\/pages"}],"about":[{"href":"https:\/\/www.bad-endorf-evangelisch.de\/w\/wp-json\/wp\/v2\/types\/page"}],"author":[{"embeddable":true,"href":"https:\/\/www.bad-endorf-evangelisch.de\/w\/wp-json\/wp\/v2\/users\/1"}],"replies":[{"embeddable":true,"href":"https:\/\/www.bad-endorf-evangelisch.de\/w\/wp-json\/wp\/v2\/comments?post=154"}],"version-history":[{"count":6,"href":"https:\/\/www.bad-endorf-evangelisch.de\/w\/wp-json\/wp\/v2\/pages\/154\/revisions"}],"predecessor-version":[{"id":1782,"href":"https:\/\/www.bad-endorf-evangelisch.de\/w\/wp-json\/wp\/v2\/pages\/154\/revisions\/1782"}],"up":[{"embeddable":true,"href":"https:\/\/www.bad-endorf-evangelisch.de\/w\/wp-json\/wp\/v2\/pages\/139"}],"wp:featuredmedia":[{"embeddable":true,"href":"https:\/\/www.bad-endorf-evangelisch.de\/w\/wp-json\/wp\/v2\/media\/156"}],"wp:attachment":[{"href":"https:\/\/www.bad-endorf-evangelisch.de\/w\/wp-json\/wp\/v2\/media?parent=154"}],"curies":[{"name":"wp","href":"https:\/\/api.w.org\/{rel}","templated":true}]}}